ppose -2*l + 0*l + 792 = 0. Suppose -2*m - 2*m + l = 0. What is the greatest common factor of y and m?
33
Let n = 71 - 132. Let l = -63 - n. Let i be 3/(-39)*l + (-22)/(-26). What is the greatest common factor of 1 and i?
1
Let p(x) = x**3 - x**2 + 3*x + 1. Let t be p(4). Suppose 1331*c = 1336*c - 305. Calculate the greatest common divisor of t and c.
61
Suppose -20 = -2*g + t + 4*t, -t = -4*g + 58. Let m be (7 + 0)/((-4)/(-3 - 1)). Let a = 22 - m. What is the greatest common factor of a and g?
15
Suppose 247 + 2855 = 94*d. Let g be -1 + -1 + (-2764)/(-4). Let j = g + -326. What is the highest common divisor of j and d?
33
Let y = -18521 + 18751. Calculate the greatest common factor of 1449 and y.
23
Let i be (-17 - -17)/(1 + 0). Suppose i = -5*p + 9*p - 5248. What is the highest common divisor of 41 and p?
41
Let r be 14/28 + (-1)/2. Suppose r = -2*x + x. Let a be x/(-11) - 3/(3/(-22)). What is the greatest common divisor of 33 and a?
11
Suppose -87 - 23 = -5*m - a, -3*m + 66 = 3*a. Let n(b) = 10*b + 2 - 5 + 25*b. Let j be n(7). Calculate the highest common divisor of j and m.
22
Let k(o) = 3*o**2 - 2*o + 6. Let s be k(14). Let d = s + -362. Let g(f) = 7*f**2 - 24*f - 4. Let y be g(4). Calculate the highest common divisor of y and d.
12
Suppose 20*j + 4*o - 154 = 21*j, -3*j + 2*o - 452 = 0. Let a be 6738/j*-5 - (-2)/5. Calculate the highest common divisor of 45 and a.
45
Let k(t) = 2234*t - 18. Let j be k(3). Calculate the greatest common divisor of 12 and j.
12
Let u(n) = -489*n + 2326. Let q be u(4). What is the highest common divisor of 810 and q?
10
Suppose 5 = -j, -3*i - 3*j + 1029 + 81 = 0. Calculate the highest common divisor of 45 and i.
15
Suppose -84 = 3*n - 288. Suppose -5*h - 95 = -4*a, -3*a - a + n = 4*h. Suppose -250 = 76*b - 81*b. What is the highest common divisor of a and b?
10
Suppose -125 = -2*n - 3*n. Suppose -13*f - 20 - 58 = 0. Let p be 100/(-12)*(-1)/(f/(-18)). What is the greatest common factor of n and p?
25
Suppose -o - 21*y + 11*y = -174, 4*y = 0. What is the greatest common divisor of o and 1450?
58
Let f(q) = q**2 - 14*q - 16. Let j be (-5)/(5/3) + 19. Let a be f(j). What is the highest common divisor of a and 40?
8
Let o = 6783 + -6739. Let z be -1 - (-4)/(1 + 0). Suppose 2*u + 2*l = 48, -4*l + 0*l - o = -z*u. Calculate the highest common divisor of u and 220.
20
Let v(h) = 176*h**2 - 2*h + 2. Let p be v(2). Suppose -2*o + 4*o - p = 0. Let f(u) = 309*u - 888. Let z be f(3). What is the greatest common divisor of z and o?
39
Let p(k) = 29*k + 1662. Let x be p(97). Calculate the greatest common divisor of x and 25.
25
Let r = 57 + 33. Let h(b) = -52*b - 21. Let j be (7/(189/(-18)))/((-4)/(-18)). Let m be h(j). Calculate the greatest common divisor of m and r.
45
Let l be 12412/92 - (-18)/207. Calculate the greatest common divisor of 16875 and l.
135
Let t(k) = k**2 + k + 2. Let i be t(-3). Let r = 4913 - 4697. What is the greatest common factor of i and r?
8
Let z be 2 + (-4 - 251)/5. Let h = -37 - z. Suppose -4 = -f + h. What is the greatest common divisor of f and 32?
16
Let i be 612/4 + 1 + 2. Calculate the greatest common factor of 516 and i.
12
Suppose -t + 4263 = -2*z, -2*t - 10*z + 7*z + 8540 = 0. Calculate the greatest common factor of 34 and t.
17
Let h = -18131 + 26823. What is the highest common divisor of h and 164?
164
Let f be (4/(-5))/((-6)/285). Suppose -385 + 7225 = 90*l. Calculate the greatest common factor of f and l.
38
Suppose -3186551 - 355721 = -404*j. Calculate the greatest common factor of j and 64.
64
Suppose 27*m = 30*m - 852. Let w = -228 + m. Calculate the greatest common divisor of w and 98.
14
Suppose -6*j + 42900 = 38*j. Let t = j + -286. What is the greatest common factor of t and 106?
53
Let o be ((-9872)/32 + (-2)/4)/1. Let p = o - -470. Calculate the highest common factor of 69 and p.
23
Suppose -l = o - 327, -o = 4*l - 3*o - 1278. Suppose -3*j + 2*b = -76, 0*b + 160 = 5*j + 5*b. Calculate the greatest common divisor of l and j.
14
Let t(z) = 5*z**3 + 11*z**2 - 208*z + 3210. Let y be t(15). What is the greatest common divisor of y and 120?
120
Let c be -2 - -2 - (-5 - -1). Let s = -26 + 49. Suppose -c*t + 97 + s = 0. What is the greatest common factor of t and 10?
10
Suppose b - 22 + 20 = 0. Let u(v) = -2*v**2 - 1 + 464*v - 465*v - 89*v**3 + v**2 + 0*v**b. Let f be u(-1). Calculate the highest common divisor of f and 22.
22
Suppose 0 = 17*l - 26*l + 33228. Calculate the greatest common factor of 26 and l.
26
Let h = 10 - -53. Let f(w) be the second derivative of 7*w**4/4 + w. Let z be f(-1). What is the greatest common divisor of z and h?
21
Let o(s) = -5*s - 16. Let p be o(-4). Suppose p*b - 23 = -l + 12, b - 137 = -5*l. Calculate the highest common divisor of l and 27.
27
Let t(m) = -2*m**2 - 50*m - 11. Let l = -101 - -84. Let d be t(l). Calculate the highest common divisor of 29 and d.
29
Suppose -400 + 376 = -s. Suppose -5*h = -f - 70 + 13, -s = -3*h + 4*f. What is the highest common factor of 20 and h?
4
Suppose s = -2*g + 308, 0*s - 3*s = 3*g - 468. Suppose 51 = m - 4*d + 23, -3*m + 5*d = -49. Calculate the greatest common divisor of m and g.
8
Suppose 23*s + 65822 = 66052. Suppose 0 = 2*u + 2*u - 488. Suppose 0*q - u = -q - 3*v, 0 = -2*q - 2*v + 228. Calculate the greatest common divisor of q and s.
10
Let x = 18158 - 18152. What is the greatest common factor of x and 3466?
2
Let k(w) = w**2 - 43*w + 2840. Let j be k(47). Calculate the greatest common divisor of j and 4.
4
Let y be 40/(-30)*162/(-24). What is the highest common divisor of 58 and y?
1
Let n(q) = -3*q**3 - 23*q**2 - 65*q - 28. Let b be n(-3). What is the greatest common divisor of 2009 and b?
41
Suppose -5*y = z - 375, 0*z + 1195 = 3*z + y. Let n = 37744 - 37728. Calculate the greatest common factor of n and z.
16
Suppose 7014 = 2*r + 3*j, 5*r + 2*j - 8465 = 9059. What is the highest common factor of r and 64?
16
Let f be (51 - 229)*6/(-4). What is the highest common factor of 3649 and f?
89
Suppose 3*f - t + 220 = 0, -4*f = -t + 89 + 206. Let g = f + 135. Suppose -g = -5*u + 5*x, u - 4 = 4*x + 2. Calculate the highest common factor of u and 70.
14
Let f be -1627*2/(-18) + 396/1782. Calculate the highest common divisor of f and 10860.
181
Let v be (-290)/(-24) - (-23)/(-276). Suppose -v*l + 21 = -51. What is the highest common factor of 96 and l?
6
Let o = -2165 + 3246. Calculate the highest common factor of 23 and o.
23
Let i(a) = -8*a + 75. Let f(c) = c**3 - 14*c**2 - 53*c + 39. Let u be f(17). Let t be i(u). What is the highest common divisor of 35 and t?
35
Suppose 3*s + 4 = -s, 3*j - 4*s = 85. Let v be ((-7683)/(-78))/((-2)/(-4)). Let w = 224 - v. Calculate the highest common divisor of j and w.
27
Suppose -395 = -2*l - 73. Let o be (221 - 37)/((-4)/8*-16). What is the greatest common divisor of l and o?
23
Let h(b) = 8*b**2 + 636*b + 34. Let z be h(-83). Calculate the highest common divisor of z and 18.
18
Suppose 3*d + 4*q - 263 = 0, -4*d - q - 319 = -8*d. Let m = 345752 + -345746. Calculate the greatest common divisor of d and m.
3
Let c be -2*(1 + 12/(-4)). Suppose 8*z - c*z - 114 = 2*f, -z = 4*f - 51. Calculate the greatest common divisor of z and 868.
31
Let v = 183 + -179. Suppose 0 = -2*z - 3*y + 44, 2*z + 0*y - 72 = 4*y. What is the highest common divisor of v and z?
4
Suppose 0 = -16*o + 22 + 58. Let w(j) = -4*j**2 - j - 10 + 0*j**3 - j + j**3. Let n be w(o). What is the highest common factor of 10 and n?
5
Let v = -7063 + 16310. What is the greatest common divisor of 21 and v?
7
Suppose 0 = 168*u + 13*u - 1810. What is the highest common factor of u and 3460?
10
Suppose -26*c + 1620 = 55*c. Calculate the greatest common divisor of 5 and c.
5
Let h be -2 + (2 - 0) + 7 - 2268/(-252). What is the greatest common factor of h and 632?
8
Let n be 2/7 + (-89)/(-7). Let i be (-32)/8 + 1*20. Suppose 13*p - i - 153 = 0. Calculate the highest common divisor of p and n.
13
Let q(c) = c**3 - 6*c**2 - 2*c + 162. Let z be q(0). Calculate the highest common factor of z and 96.
6
Suppose 74 + 330 = -4*p. Let f = 265 + p. Calculate the greatest common divisor of 123 and f.
41
Let h = -22072 - -36103. What is the greatest common divisor of h and 9?
9
Let b(z) = 10*z. Let d be b(4). Let j(l) = l**3 + 5*l**2